it of b?
3
Let z = 111 - 18. Suppose 0 = l - b - z, -b - 3*b = -4. What is the units digit of l?
4
Suppose 5*n + 4*k - 37 = -0*k, n = -3*k + 14. Suppose -n*r + 6*r = 41. What is the tens digit of r?
4
Let n be -66*-5*1/(-10). What is the tens digit of (-2019)/n - 12/66?
6
Let q(o) = -o**3 - 2*o**2 + 4*o + 4. Let l(r) = r. Let t(m) = -l(m) + q(m). Let g be t(-3). Suppose i + 69 = g*i. What is the tens digit of i?
2
What is the units digit of (-783)/(-348)*40/6?
5
Suppose -822 = -11*c + 366. What is the tens digit of c?
0
Let w = 994 - 587. Let s = 589 - w. What is the hundreds digit of s?
1
Suppose 5*k - 15 = -u, 2*k + 3*u = -3*k + 25. Suppose -2*z + 6 = 0, k*i + 2*z + 0*z = 464. What is the units digit of i?
9
What is the tens digit of ((-6)/7)/(7 + 175450/(-25060))?
1
Suppose 0*z - z + 25 = 0. Suppose 0 = -z*u + 19*u + 6. What is the units digit of u?
1
Let w = 4812 + -2206. What is the thousands digit of w?
2
Let b(q) = q**3 + 4*q**2 + 2*q - 1. Let n be b(-3). What is the hundreds digit of (-5 - -9) + 140 + n/(-2)?
1
Suppose -2*u + 3*u - 8 = 2*q, -5*q - 17 = -4*u. Let a(b) = -2*b**3 - 8*b**2 - 5*b - 10. What is the units digit of a(q)?
5
Let z(m) = m**2 - 8*m + 9. Let q(b) = b**3 - 5*b**2 + 5*b + 3. Let t be q(4). Let k be z(t). What is the units digit of (-4)/k - (-480)/10?
6
Let v be 2/(-13) - (-603)/117. Suppose z - 21 = 5*b, -5*z + v*b + 1 + 24 = 0. Suppose u + 3*s - 14 = 0, -s + z = -0. What is the tens digit of u?
1
Let y = 196 - -435. What is the tens digit of y?
3
Suppose 4 = -3*i + 4*i. Suppose -k = -n + k + 4, -3*n = -i*k - 12. Let f = 29 + n. What is the tens digit of f?
3
Let w(t) = -t**2 - 43*t + 119. What is the tens digit of w(-30)?
0
Let w be ((-11)/22)/(2*(-1)/20). Let r(a) = 7*a - 2. What is the tens digit of r(w)?
3
Let a(g) = 3*g**3 + 11*g**2 + 9*g - 5. Let s(c) = 7*c**3 + 22*c**2 + 19*c - 10. Let f(m) = 5*a(m) - 2*s(m). What is the tens digit of f(-10)?
2
Let y(n) = -n**3 + 4*n**2 - 4*n + 7. Suppose -15 = -2*z + z. Suppose 7*g = 12*g - z. What is the units digit of y(g)?
4
Suppose -29*m = -37*m. Suppose m = 2*p - 11 - 5. What is the units digit of p?
8
Suppose 0 = r + 3*r - 3*u - 9095, -2*u + 6 = 0. What is the hundreds digit of (-66)/(-15) + -5 + r/10?
2
Let s = -16 + 25. Let b be (-48)/s*-6*6. Suppose -4*q = -4*f + b, f - q = -2*q + 42. What is the tens digit of f?
4
Let j(x) = -137*x**2 + 8*x - 17. Let r(s) = -34*s**2 + 2*s - 4. Let v(g) = 4*j(g) - 18*r(g). What is the units digit of v(1)?
4
Suppose 0 = -5*l - 2*a + 34, -l = 3*a - 17 + 5. Suppose -l = 3*d, 3*i - d - 31 - 55 = 0. What is the units digit of i?
8
Let p(o) = -8*o. Let k(t) = -t + 1. Let w be k(-2). Suppose -j + w = -4*j. What is the units digit of p(j)?
8
Suppose 76 = 2*g - 4*g. Let j = g + 57. Let i(b) = -b**3 + 20*b**2 - 17*b + 13. What is the tens digit of i(j)?
5
Let l be (1 + (105 - 4))*1. Suppose 2*x - t + 0*t - 169 = 0, 0 = x - 4*t - l. What is the tens digit of x?
8
Let a(r) = r - 19 + 23 + 0*r. Let q be a(2). Suppose 3*k - q = -3. What is the units digit of k?
1
Let p(i) = -5 + 9*i - 3 + i**3 - 3 - 9*i**2. Let s be p(8). What is the tens digit of (25/s)/(4/(-12))?
2
Suppose -5*i + 10 = -80. Let v = 5 + i. Let n = -5 + v. What is the tens digit of n?
1
Let u = -72 + 72. What is the tens digit of 1866/15 - (u - (-18)/(-30))?
2
Suppose 0 = -4*h + 11 + 1. Let f(q) = -q + q**3 + 6*q + 4 + 0*q**h. What is the tens digit of f(3)?
4
Suppose 2*l = l + 290. Suppose -2*i - 5*u = -290, i = 3*i - 2*u - l. What is the units digit of i?
5
Let r = -9 - -23. Let q be 4/r - (-624)/21. Suppose -140 = -5*a + c, 3*a - q - 37 = 4*c. What is the tens digit of a?
2
Let i = 471 - 311. Suppose -i = -4*w + 96. What is the units digit of w?
4
Let l(n) = -33*n + 374. Let p be l(8). Let g be ((-34)/6)/((-1)/9). Suppose g*m - 46*m = p. What is the tens digit of m?
2
Let h = -1034 + 1742. Suppose -6*z = -4*z - h. Suppose z = 7*c - c. What is the tens digit of c?
5
Suppose 0*a = 5*a - 90. Let t(q) = 31*q**2 - 2 - a*q**2 + 34*q**2 + 3*q. What is the tens digit of t(1)?
4
Suppose -3496*a = -3493*a - 6816. What is the thousands digit of a?
2
Let o(x) = -x**2 + 9*x + 3. Let g be o(7). Let b = 8 - g. What is the units digit of 2*b/(-6)*3?
9
Suppose -3*w - 3306 + 9349 = -5*y, -5*y + 10045 = 5*w. What is the thousands digit of w?
2
Let x = 341 - 95. What is the hundreds digit of x?
2
Suppose 4*c = -c + 2*t + 1, -3*c - 15 = 4*t. Let m = 13 - 1. What is the tens digit of m/(28/16 + c)?
1
Suppose -391 = 2*a - 4*c + 9, -2*c + 794 = -4*a. Let n = a - -374. Let y = n + -100. What is the units digit of y?
6
Let q be 4*((-61)/(-4) - -4). Suppose 4*j = q + 467. What is the units digit of j?
6
Suppose -5*g + 13*g = -256. Let d = g - -34. Suppose 2*a + 8 = 0, -4*a + d*a + 232 = 3*c. What is the tens digit of c?
8
Suppose 4*f = 5 - 1. Suppose -5*t + f = -9. Let g(o) = 4*o**3 - 2*o**2 - 2*o + 1. What is the units digit of g(t)?
1
Let a = -41 - -693. What is the tens digit of a?
5
Let x be (-27)/(-5) - (-12)/20. Suppose x*h - h = 20. Suppose 7*z = 4*z - 3, h*l + 5*z = 75. What is the units digit of l?
0
Suppose -5*t - 2*w = -143, 2*t - 70 = 15*w - 19*w. Let o = 13 + -2. Let s = t - o. What is the units digit of s?
6
Let j be 199*(-1)/(-5)*5. Let t = 399 - j. What is the units digit of t?
0
Let b = -23 - -28. Let d(w) = 2*w**2 - 11*w + 9. What is the units digit of d(b)?
4
Suppose 5*k - 73 = -2*q, -k - 161 = -4*q + 4*k. Let b = 36 - q. What is the units digit of 7*(2 - (-3)/b)?
7
Let x = -13 + 18. Suppose 8*l + 30 = -x*c + 3*l, 4*l + 22 = -2*c. Let y(u) = 70*u**2 + u + 2. What is the tens digit of y(c)?
7
Suppose 4*w + r - 13 = -4*r, -3*w + 11 = 5*r. Let l(a) = 4*a**w - a**2 + 6*a + 45*a**3 - 46*a**3. What is the units digit of l(-3)?
6
Let m = -180 + 1789. What is the hundreds digit of m?
6
Suppose 7*d + 16 = 3*d. Let i = d - -8. Suppose -4*w + 76 = -4*s, -i*w + 33 = -2*w - s. What is the tens digit of w?
1
Let a = 28 + 393. Suppose 3*i - 57 - a = 2*q, 3*i - 3*q - 483 = 0. What is the tens digit of i?
5
Let q = 516 + 658. What is the thousands digit of q?
1
Let k(n) = -38*n + 18. Let u be k(-5). Suppose -t + u = 2*t + 4*g, -2*t + 137 = 3*g. What is the tens digit of t?
7
Let o be (14 + -2 + -3)/(-1 + 0). What is the units digit of 372/o*24/(-4)?
8
What is the hundreds digit of 27*-5*(4 - (5 + 0))?
1
Let a be (-5 - -1)*(-210)/56. What is the units digit of 4/(a/(-6) + 3)?
8
Let o(y) = 8*y - 3. Let f be -3 + 2 - 1 - 2. Let j be o(f). Let n = j - -59. What is the units digit of n?
4
Suppose 4 = -3*d - 2*l - 2*l, 0 = 3*d + 3*l. Suppose d*o - 152 = 128. What is the tens digit of o?
7
Suppose 0 = 3*i + 3, -5*d = 4*i - 21. Let v(u) = -6*u + d*u + 4 + 36. What is the tens digit of v(14)?
2
What is the hundreds digit of (-754 - -1)*2/(-6)?
2
Let g be 9*(-7)/(21/4). Let i(w) = w**2 + 13*w + 14. Let s be i(g). What is the units digit of (-1 + s)/(1/2)?
2
Let l = -511 - -515. Let w be (-22*1)/(-1*1). Let d = w - l. What is the tens digit of d?
1
Suppose 4*j - 182 - 26 = 0. Let c = 78 - j. Suppose c = -w + 2*w. What is the tens digit of w?
2
Let p(j) = -72*j + 366. What is the thousands digit of p(-15)?
1
Suppose 0 = m - 1. Suppose 4*d - 9 = -m. Suppose -d*l = 3*w, -5*w + 4*l = -2*w - 18. What is the units digit of w?
2
Suppose t + 2*t = -5*m - 1040, t + 350 = -m. What is the units digit of 3*(3 - t/15)?
0
Let s be 2/(-7) - 32/(-14). Suppose -5*z = s*y - 320, 0 = z + 5*y - 33 - 54. What is the units digit of z?
2
Let y(h) = -30*h**3 - 2*h**2 - 4*h + 6. Let r be y(2). Let u = -132 - r. What is the hundreds digit of u?
1
Suppose 0 = 9*z - 11*z - 6. What is the tens digit of (-612)/(-8) - z/(-2)?
7
Let a be 5 + 4*(-3)/(-12). Let o be 32/(-3) - 2/a. Let b = -9 - o. What is the units digit of b?
2
Let c(k) = k + 3. Let p be c(-3). Suppose 5*n + 10 = p, -2*g - n + 683 = 3*g. What is the units digit of g?
7
Suppose 5*f = -5*t + 4*f - 9, t - 2*f = -4. Let s be (t/4)/((-1)/10). What is the units digit of ((-6)/4)/(s/(-60))?
8
Let l = -182 - -368. Suppose 0 = -4*f - 16, 3*a - 5*f = -55 + l. What is the tens digit of a?
3
Let a be (26/(-3))/(1/(-3)). Let t be a/7 - 12/(-42). Suppose 0*o - t*h - 137 = -3*o, 0 = 4*o - 4*h - 176. What is the tens digit of o?
3
Let l(p) = p**3 - 5*p**2 + 2*p + 13. What is the hundreds dig